 14471865?
True
Is 17240029 a multiple of 30?
False
Does 716 divide 23972600?
False
Is 93187665 a multiple of 3483?
True
Does 220 divide 97252320?
True
Is 131236225 a multiple of 14?
False
Does 545 divide 4633177?
False
Is 2110 a factor of 499320950?
True
Is 2985 a factor of 360659640?
True
Is 263 a factor of 27224971?
True
Is 67 a factor of 27924057?
False
Is 156618189 a multiple of 9?
True
Is 196783369 a multiple of 972?
False
Does 57 divide 1364799247?
False
Does 67 divide 104552361?
True
Does 163 divide 72033286?
True
Does 14 divide 9267490?
False
Is 11595186 a multiple of 33?
False
Does 89 divide 350766651?
False
Is 510 a factor of 11276610?
True
Does 65 divide 73454810?
True
Is 3859 a factor of 444007?
False
Is 1076 a factor of 1920182256?
True
Is 1263956109 a multiple of 39?
True
Is 300 a factor of 461838811?
False
Does 12 divide 1946875424?
False
Is 10 a factor of 735652980?
True
Is 513 a factor of 855900582?
False
Does 24 divide 196240801?
False
Is 2416 a factor of 169876208?
True
Does 15 divide 676425?
True
Is 4915308912 a multiple of 12?
True
Is 2168267238 a multiple of 54?
True
Does 363 divide 4601257?
False
Is 1182 a factor of 29293918?
False
Does 7781 divide 988724415?
False
Is 14962358 a multiple of 140?
False
Is 245 a factor of 122831230?
False
Is 197 a factor of 987150?
False
Does 5 divide 996262?
False
Does 581 divide 424173575?
True
Is 676448 a multiple of 55?
False
Does 2693 divide 587294030?
False
Does 14 divide 1615582402?
True
Does 58 divide 58984083?
False
Is 3719327 a multiple of 11?
False
Is 20 a factor of 9633520?
True
Does 47 divide 544185317?
True
Is 15072820 a multiple of 4?
True
Does 5 divide 8395673?
False
Is 902642688 a multiple of 4608?
True
Is 1011 a factor of 24546069?
True
Is 2958 a factor of 446518974?
True
Is 95150604 a multiple of 320?
False
Is 5747569464 a multiple of 10946?
True
Is 1730900788 a multiple of 29?
False
Does 26 divide 85396633?
False
Is 282573725 a multiple of 336?
False
Is 1224 a factor of 28110384?
True
Is 90117377 a multiple of 47?
True
Does 168 divide 54588912?
True
Is 256 a factor of 323212288?
True
Is 51 a factor of 571713570?
True
Does 131 divide 175422493?
True
Is 6376 a factor of 7899864?
True
Does 316 divide 64919040?
True
Is 29730456 a multiple of 28?
True
Is 10 a factor of 33286765?
False
Is 12735418 a multiple of 367?
False
Is 47894574 a multiple of 91?
True
Does 25 divide 76824780?
False
Does 2925 divide 1288485900?
True
Is 707649 a multiple of 1697?
True
Is 833 a factor of 84359576?
True
Does 198 divide 8308324?
False
Does 2080 divide 73030880?
True
Is 700 a factor of 3745137?
False
Does 40 divide 85763520?
True
Is 889257054 a multiple of 1208?
False
Is 158411015 a multiple of 595?
True
Is 73667439 a multiple of 279?
True
Does 7 divide 2703603?
True
Is 1713822 a multiple of 132?
False
Is 61 a factor of 1425641980?
True
Is 313 a factor of 20041703?
True
Is 34560738 a multiple of 666?
True
Does 2024 divide 3961512456?
True
Does 6 divide 1273830?
True
Is 127 a factor of 4497705?
True
Is 3583 a factor of 148916976?
False
Does 200 divide 2942293878?
False
Is 141128960 a multiple of 280?
True
Is 60 a factor of 24577713?
False
Is 25 a factor of 323800346?
False
Is 382 a factor of 293359532?
False
Does 69 divide 18534021?
True
Does 389 divide 528104658?
False
Is 130590940 a multiple of 901?
True
Is 6 a factor of 17936053?
False
Is 10 a factor of 3831208900?
True
Is 124655124 a multiple of 10?
False
Is 181185159 a multiple of 57?
True
Is 294 a factor of 1827985?
False
Is 23746475 a multiple of 24?
False
Is 35 a factor of 11246515?
True
Is 73804368 a multiple of 132?
True
Does 914 divide 5613616?
False
Is 154065819 a multiple of 175?
False
Is 42 a factor of 380072784?
True
Does 4015 divide 270904095?
True
Is 451102306 a multiple of 131?
False
Is 287430662 a multiple of 1462?
True
Is 36 a factor of 550156968?
True
Is 10789658 a multiple of 9?
False
Is 9736143 a multiple of 284?
False
Is 9091600 a multiple of 955?
True
Is 111330926 a multiple of 1303?
True
Does 472 divide 378960164?
False
Does 80 divide 59089139?
False
Does 39 divide 65975559?
True
Is 567 a factor of 13494059?
False
Is 245392800 a multiple of 14?
False
Is 531 a factor of 241925724?
True
Does 23 divide 2187021286?
True
Is 97437808 a multiple of 3633?
False
Is 141 a factor of 6870134?
False
Does 3 divide 348890?
False
Is 49099906 a multiple of 1017?
False
Is 719674847 a multiple of 15?
False
Is 47951145 a multiple of 33?
True
Is 457 a factor of 168667275?
True
Is 52 a factor of 4393896?
True
Does 142 divide 227899686?
False
Does 166 divide 195262148?
True
Does 26 divide 11103301?
False
Is 693089865 a multiple of 45?
True
Is 88163034 a multiple of 716?
False
Is 227 a factor of 831605985?
False
Is 177658416 a multiple of 26?
True
Does 90 divide 15313075?
False
Is 287244984 a multiple of 39?
True
Is 3019596 a multiple of 3?
True
Is 611915112 a multiple of 13417?
False
Is 112759592 a multiple of 44?
True
Is 3264 a factor of 114847104?
True
Does 16 divide 33349556?
False
Is 45167450 a multiple of 25?
True
Is 22899473 a multiple of 85?
False
Does 49 divide 35514062?
False
Does 3952 divide 108967304?
False
Is 103 a factor of 244868835?
False
Does 22 divide 594616682?
True
Does 315 divide 108740324?
False
Is 14059066 a multiple of 2177?
True
Is 53 a factor of 63199956?
True
Is 194829273 a multiple of 20?
False
Is 47563140 a multiple of 868?
False
Does 46 divide 3071099493?
False
Does 10 divide 43097610?
True
Does 66 divide 304889640?
True
Is 914 a factor of 25986275?
False
Is 55922531 a multiple of 149?
True
Is 998 a factor of 1764587949?
False
Does 50 divide 105357653?
False
Does 1357 divide 688274063?
False
Does 31 divide 42954902?
True
Does 1254 divide 310411398?
True
Does 30 divide 21700710?
True
Does 244 divide 30266004?
True
Is 82852926 a multiple of 403?
False
Is 827 a factor of 38752851?
False
Does 571 divide 62961595?
False
Is 1232 a factor of 49304760?
False
Does 158 divide 1418148945?
False
Is 343 a factor of 39691789?
False
Is 397 a factor of 3343484939?
False
Does 14 divide 7312643?
False
Is 178836955 a multiple of 49?
False
Does 250 divide 34648333?
False
Is 515970936 a multiple of 39?
True
Is 32177380 a multiple of 54?
False
Is 1137 a factor of 680555898?
True
Does 77 divide 29789606?
True
Does 55 divide 201045579?
False
Does 2195 divide 52298375?
False
Does 59 divide 39247508?
True
Is 6988 a factor of 1391446378?
False
Is 719 a factor of 1345249?
True
Does 16 divide 877880896?
True
Does 83 divide 6560864?
False
Is 34067700 a multiple of 18?
True
Does 522 divide 36146746?
False
Is 3676 a factor of 11178716?
True
Does 72 divide 86550408?
True
Is 2225524 a multiple of 1129?
False
Does 6 divide 1767120?
True
Does 266 divide 156561748?
True
Is 81 a factor of 463656?
False
Does 531 divide 7382493?
True
Is 3302324212 a multiple of 13123?
True
Is 14 a factor of 22804637?
False
Does 1615 divide 169620809?
False
Is 82224954 a multiple of 69?
True
Is 37 a factor of 478576598?
False
Does 10685 divide 4782163866?
False
Does 474 divide 902102060?
False
Does 9522 divide 1136126952?
True
Does 6687 divide 968665446?
True
Does 4630 divide 445965767?
False
Is 695864866 a multiple of 34?
False
Is 19032615 a multiple of 1035?
True
Is 8 a factor of 128985592?
True
Is 226772555 a multiple of 1903?
False
Is 579 a factor of 1743291596?
False
Is 25 a factor of 61511225?
True
Is 2493521 a multiple of 15?
False
Is 739883760 a multiple of 77?
True
Does 11 divide 507949657?
False
Is 40 a factor of 5487720?
True
Does 4060 divide 182160077?
False
Does 582 divide 1978869289?
False
Does 4 divide 270537?
False
Is 925357620 a multiple of 12970?
True
Is 271811078 a multiple of 218?
False
Is 32 a factor of 3607200?
True
Is 1209 a factor of 67140346?
False
Does 220 divide 22313940?
True
Is 6818850 a multiple of 46?
False
Is 231428415 a multiple of 2718?
False
Is 332 a factor of 86294361?
False
Does 19 divide 1466178339?
True
Is 4411595430 a multiple of 18?
True
Does 2757 divide 107636037?
True
Is 132493992 a multiple of 8?
True
Is 10 a factor of 3956380?
True
Is 2898865900 a multiple of 175?
True
Is 9 a factor of 161359227?
True
Does 35 divide 36500485?
True
Is 24989936 a multiple of 255?
False
Is 27 a factor of 975568914?
True
Does 76 divide 4559